of j(k).
2, 5, 73
Suppose 5*f + 119 + 6 = 0. Let l be 0/(15/f + (-4)/10). List the prime factors of (l + 2)/(2000/995 - 2).
199
Let p = 1694 - -1225. Let b = -1904 + p. What are the prime factors of b?
5, 7, 29
Let p(f) be the third derivative of -745*f**4/24 + 32*f**3/3 - 86*f**2 + 2*f. List the prime factors of p(-1).
809
Suppose -2*g = h + 36 - 5982, -5*h - 11906 = -4*g. What are the prime factors of g?
2, 1487
Let t be -1 - ((4 - 0) + -5)*3. Suppose -3*k - 2*k - 580 = -t*z, -z - 4*k = -303. What are the prime factors of z?
5, 59
Let z(w) = w**3 - 8*w**2 + 4*w + 20. Let u be z(7). Let c = 22 + -32. List the prime factors of (u - (-482)/4)/(c/(-20)).
239
Let l be (4/9)/(4/18). What are the prime factors of (l/(-4))/((-3)/24) + 170?
2, 3, 29
Let l(n) = 2*n**3 - 17*n**2 - 85*n + 19. List the prime factors of l(18).
5, 929
Suppose -2128 = -4*t + 3*t - 4*m, 0 = -2*t + 2*m + 4206. Suppose 0 = 4*h - 2*h - 8, 4*d - t = -4*h. List the prime factors of d.
523
Suppose -4647*n = -4674*n + 28755. List the prime factors of n.
3, 5, 71
What are the prime factors of (-5092240)/96*4/(-6) - 4/(-18)?
35363
Let p = 31061 - 16094. List the prime factors of p.
3, 1663
Let v = -47 + 45. Let p be (v - 34/(-12))/((-3)/(-18)). List the prime factors of -6*(p + (-105)/5).
2, 3
Suppose 0 = 99*g - 621838 - 27107. What are the prime factors of g?
3, 5, 19, 23
Let s = 809 + -910. Suppose -o + 5*f = 2*o - 497, 179 = o + f. Let j = s + o. What are the prime factors of j?
73
Suppose 10*i - 6*i = 0. Suppose -2*o = p - 2*p - 8, i = -2*p - 8. What are the prime factors of o/((-520)/(-762) - 22/33)?
127
Suppose -6*w = 3*w - 3240. Let a = w + 324. List the prime factors of a.
2, 3, 19
Let k be 0/(1*(-1 - -4)). Suppose -2*h + 3*p = -561, k*h + 2*p + 566 = 2*h. Suppose -8*j + 4*f = -3*j - 362, -4*j + 4*f + h = 0. List the prime factors of j.
2, 37
Suppose 0 = -u + g + 26679, u = -u - 5*g + 53414. List the prime factors of u.
26687
List the prime factors of 1 + 11/(-9) - 96908832/(-1944).
2, 5, 997
Let f = -12586 - -25989. List the prime factors of f.
13, 1031
What are the prime factors of ((-83)/9)/(25/(-9675))?
43, 83
Suppose -742*u = -756*u + 51926. What are the prime factors of u?
3709
Suppose 5*b - 7*b - 6*b = -64200. List the prime factors of b.
3, 5, 107
Let j = 38 + -83. List the prime factors of (j/20)/((-5)/260).
3, 13
Let h(o) = -289*o + 37. Let t = -562 + 560. What are the prime factors of h(t)?
3, 5, 41
Suppose q = -q. Suppose q = -2*g - 4*f + 430, 14*g - f - 659 = 11*g. What are the prime factors of g?
3, 73
Let w = 3961 + 880. List the prime factors of w.
47, 103
Let a(l) = l + 1. Let x be a(2). Suppose x*r - n = -1413, r = -0*r - n - 471. Let g = -321 - r. List the prime factors of g.
2, 3, 5
Let d(j) = -86*j - 4. Suppose 2*n = 5*k + 254, n = -3*n + 2*k + 492. Let y = 119 - n. What are the prime factors of d(y)?
2, 127
Suppose -4*i = 12, 37*l - 4*i = 33*l + 12620. What are the prime factors of l?
2, 197
Suppose 3*h = -2*h + 15. Suppose 0 = h*w + 1427 - 5648. List the prime factors of w.
3, 7, 67
What are the prime factors of (182/56)/((-1)/(-1024))?
2, 13
List the prime factors of (-56375 + 4)*-1*8/28.
2, 8053
List the prime factors of (20/130 - 59781/(-39))*10/10.
3, 7, 73
List the prime factors of (-2 - 10)/(7 + 7) + (-73366)/(-7).
2, 5, 131
Suppose 0 = -4*i - 14*p + 11*p + 7322, -5488 = -3*i - 4*p. Suppose 9*g - 5*g - i = 0. List the prime factors of g.
2, 229
Let z = -227 - -236. Suppose z*v + 3790 = 5*j + 11*v, 0 = -3*j + 3*v + 2295. List the prime factors of j.
2, 5, 19
Let o be ((-10)/3)/((-8)/(-6) + -2). Let t be o - ((-1)/(-3) + 40/24). Suppose 3*y = -f + 77, -t*f + 55 + 14 = 3*y. List the prime factors of y.
3
Suppose -6*l + 4*k + 5726 = -11772, 2*l = -3*k + 5850. List the prime factors of l.
3, 7, 139
Let u be 53 + 0 - 1*(1 - 0). Let h = 172 - u. Let m = -105 + h. What are the prime factors of m?
3, 5
Suppose 2*v - 2368 = s, s + 0*v = -3*v - 2343. What are the prime factors of s/(-6)*1 - -3?
2, 3, 11
Suppose 0 = 3*a - a - 180. Let p be ((-36)/a)/((-1)/120). Let d = 56 - p. List the prime factors of d.
2
Let d(a) be the first derivative of a**5/30 + a**4/24 - 3*a**3 - 16*a**2 + 1. Let x(i) be the second derivative of d(i). List the prime factors of x(10).
2, 3
Let f(g) = -4*g - 16. Let a be f(-3). Let v(b) = -9*b**3 - 3*b**2 - 3*b + 8. List the prime factors of v(a).
2, 137
Let k = 2214 + -1347. Let i = k - 361. What are the prime factors of i?
2, 11, 23
Let x(v) = 3198*v**2 - 368*v - 1112. What are the prime factors of x(-3)?
2, 14387
Suppose -56*z + 53*z + 16236 = 2*j, 5*j - 40595 = -5*z. List the prime factors of j.
3, 2707
Suppose 4*v = 5*f + 12038, 1281 + 1736 = v - 5*f. What are the prime factors of v?
31, 97
Let r = 3026 + -1749. Suppose -6*o + 1663 = -r. List the prime factors of o.
2, 5, 7
Let r be 470/(-15)*(-39)/2. Suppose -4*l + r = -777. What are the prime factors of l?
347
Let h = 5605 - 3813. What are the prime factors of h?
2, 7
Suppose 8 = 5*y + 3*c, 3*y - 28 = 5*c - c. Suppose y + 4 = -2*d + g, -d - 2 = -g. Let v = 78 + d. What are the prime factors of v?
2, 3
Let o = 90827 + -62937. List the prime factors of o.
2, 5, 2789
Let y(h) = 3170*h - 2725. What are the prime factors of y(10)?
5, 19, 61
Let y be ((-3897)/(-405) - (-10)/(-45))*(-5)/(-1). Suppose r = 2*a - 5*a, -r + a + 16 = 0. Let o = y + r. List the prime factors of o.
59
Let m(g) = 11*g**2 + 3*g. Let d be m(2). Suppose -9*w + d = -4*w. Let y(n) = 11*n - 18. List the prime factors of y(w).
2, 23
Suppose -38*c + 83387 = 23*c. What are the prime factors of c?
1367
Suppose 0 = -6*d - 16*d + 144080 - 40834. What are the prime factors of d?
13, 19
Let o be (3 + 11)*9/21. List the prime factors of 19940/30 - o/9.
2, 83
Suppose o + 9879 = 2*l - 0*o, 0 = 5*o + 5. Let d = 3370 - l. List the prime factors of d/(-15) + (-4)/(-10).
3, 5, 7
Let o(h) = -569*h - 943. What are the prime factors of o(-6)?
7, 353
Let v(t) = 4*t - 5. Let c be v(9). Suppose -c*a + 24*a = -3983. List the prime factors of a.
569
Suppose 4*o - 494 - 326 = -4*x, -x = -5*o + 1049. Let k = o - 188. List the prime factors of k.
3, 7
Let s(y) = 4*y - 1. Let h = 23 + -21. Let u(g) = -5*g. Let f(o) = h*u(o) + 3*s(o). List the prime factors of f(4).
5
Let w = 3605 + -3040. What are the prime factors of w?
5, 113
Let w = 92 - 84. Suppose 0 = -4*t - 5*n + 2769, 5*t - 3486 = w*n - 6*n. List the prime factors of t.
2, 3, 29
Let o(v) = v**2 - 27*v - 55. Let w be o(30). Suppose w = -5*q + 430. List the prime factors of q.
79
Let h(l) = l**3 - 31. Let z(n) = -2. Let j(f) = h(f) - 6*z(f). What are the prime factors of j(7)?
2, 3
Let x(s) = 98*s**2 + 202*s - 3392. What are the prime factors of x(18)?
2, 19, 421
List the prime factors of (2476 - 3)/((-14 - -28)/14).
2473
Suppose 31*o - 14 = 24*o. Suppose 2*n = o*i - 764 - 40, 4*i + 4*n = 1592. What are the prime factors of i?
2, 5
Suppose 13*m = 10*m - 1899. Let y = m - -1152. List the prime factors of y.
3, 173
Let p(j) = -2*j + 28. Let f be p(12). Let a = 19 + f. Let g = a - -3. List the prime factors of g.
2, 13
Let y = 130 - 124. Let k be 4/y*(-828)/(-6). Suppose -2*i = -4*c - 204 - k, i - 5*c - 136 = 0. What are the prime factors of i?
2, 3, 13
Let k(p) = 1453*p - 1597. What are the prime factors of k(9)?
2, 5, 7, 41
Suppose 0 = -661*r + 716*r - 854425. What are the prime factors of r?
5, 13, 239
What are the prime factors of (-37097 + 1)*(95/(-20))/19?
2, 4637
Let w = 65 - -242. Let g = 3 + w. What are the prime factors of g?
2, 5, 31
Suppose 2*u - 4*n = 18060, -4*n = 5*u - 14008 - 31212. List the prime factors of u.
2, 5, 113
What are the prime factors of (-16)/232 - (-4084182)/783?
2, 163
Suppose -6*z = -3*z - 6. Suppose 0 = -6*d + z*d - 108. Let c = -24 - d. List the prime factors of c.
3
Suppose 2*d = 7*d + 1015. Let s = d - -351. List the prime factors of s.
2, 37
Let o = 233627 - 161476. What are the prime factors of o?
23, 3137
Let o(s) = -5*s**2 - 16*s - 4. Let g be o(-24). Let i = 41 - g. What are the prime factors of (2/3)/((-2)/i*-7)?
11
Suppose 42*n = -3*n + 132435. Let r = n + -1506. What are the prime factors of r?
3, 479
Suppose 15*b - 186 = -96. List the prime factors of 5 - (b + (-1615)/5).
2, 7, 23
Let l(w) = 37*w - 90*w**2 + 51 - 23*w + 138*w**2 + 3*w**3. Wh